{"id":79,"date":"2024-01-31T13:53:36","date_gmt":"2024-01-31T12:53:36","guid":{"rendered":"https:\/\/trauung-westerkappeln.de\/?page_id=79"},"modified":"2024-01-31T14:11:46","modified_gmt":"2024-01-31T13:11:46","slug":"trauzimmer-westerkappeln-wichmann","status":"publish","type":"page","link":"https:\/\/trauung-westerkappeln.de\/index.php\/trauzimmer-westerkappeln-wichmann\/","title":{"rendered":"Trauzimmer Westerkappeln &#8211; Wichmann"},"content":{"rendered":"<p>[et_pb_section fb_built=&#8220;1&#8243; admin_label=&#8220;Header&#8220; _builder_version=&#8220;4.20.2&#8243; _module_preset=&#8220;default&#8220; background_image=&#8220;https:\/\/trauung-westerkappeln.de\/wp-content\/uploads\/2023\/03\/bg3.jpg&#8220; background_position=&#8220;bottom_left&#8220; height=&#8220;100vh&#8220; custom_padding=&#8220;||||false|false&#8220; collapsed=&#8220;off&#8220; global_colors_info=&#8220;{}&#8220;][et_pb_row _builder_version=&#8220;4.24.0&#8243; _module_preset=&#8220;default&#8220; background_enable_color=&#8220;off&#8220; width=&#8220;30%&#8220; width_tablet=&#8220;100%&#8220; width_phone=&#8220;100%&#8220; width_last_edited=&#8220;on|desktop&#8220; max_width=&#8220;none&#8220; custom_padding=&#8220;||||false|false&#8220; module_alignment_tablet=&#8220;center&#8220; module_alignment_phone=&#8220;center&#8220; module_alignment_last_edited=&#8220;off|desktop&#8220; border_radii=&#8220;off|||64px|64px&#8220; global_colors_info=&#8220;{}&#8220;][et_pb_column type=&#8220;4_4&#8243; _builder_version=&#8220;4.20.2&#8243; _module_preset=&#8220;default&#8220; z_index=&#8220;10&#8243; custom_padding=&#8220;|8%||8%|true|true&#8220; custom_padding_tablet=&#8220;|0px|||true|false&#8220; custom_padding_phone=&#8220;|0px|||true|false&#8220; custom_padding_last_edited=&#8220;off|tablet&#8220; global_colors_info=&#8220;{}&#8220;][et_pb_image src=&#8220;https:\/\/trauung-westerkappeln.de\/wp-content\/uploads\/2023\/03\/Logo1.png&#8220; title_text=&#8220;Logo1&#8243; align=&#8220;center&#8220; _builder_version=&#8220;4.20.2&#8243; _module_preset=&#8220;default&#8220; global_colors_info=&#8220;{}&#8220;][\/et_pb_image][et_pb_text _builder_version=&#8220;4.24.0&#8243; _module_preset=&#8220;c16985e1-e0d6-4022-964d-e2bfc04fa633&#8243; header_font=&#8220;|300|||||||&#8220; header_text_align=&#8220;center&#8220; header_text_color=&#8220;#4c4c4c&#8220; header_font_size=&#8220;46px&#8220; header_line_height=&#8220;1.1em&#8220; text_orientation=&#8220;center&#8220; custom_margin=&#8220;20px||20px||true|false&#8220; header_font_size_tablet=&#8220;8vw&#8220; header_font_size_phone=&#8220;8vw&#8220; header_font_size_last_edited=&#8220;on|desktop&#8220; locked=&#8220;off&#8220; global_colors_info=&#8220;{}&#8220;]<\/p>\n<h1>Ihr Trauzimmer in Westerkappeln<\/h1>\n<p>[\/et_pb_text][\/et_pb_column][\/et_pb_row][\/et_pb_section][et_pb_section fb_built=&#8220;1&#8243; _builder_version=&#8220;4.24.0&#8243; _module_preset=&#8220;default&#8220; background_color=&#8220;#D4B684&#8243; global_colors_info=&#8220;{}&#8220;][et_pb_row _builder_version=&#8220;4.24.0&#8243; _module_preset=&#8220;default&#8220; global_colors_info=&#8220;{}&#8220;][et_pb_column type=&#8220;4_4&#8243; _builder_version=&#8220;4.24.0&#8243; _module_preset=&#8220;default&#8220; global_colors_info=&#8220;{}&#8220;][et_pb_text _builder_version=&#8220;4.24.0&#8243; _module_preset=&#8220;default&#8220; text_text_color=&#8220;#000000&#8243; text_font_size=&#8220;18px&#8220; global_colors_info=&#8220;{}&#8220;]<\/p>\n<p>Ihnen steht unser stilvoll eingerichteter Raum im Ortskern von Westerkappeln f\u00fcr \u201eMomente f\u00fcr die Ewigkeit\u201c zur Verf\u00fcgung. Wir freuen uns auf viele tolle \u201eMomente\u201c mit Ihnen und d\u00fcrfen Sie vielleicht schon bald bei uns herzlich willkommen hei\u00dfen.<\/p>\n<p>Das Ambiente macht aus Ihrer Feier etwas besonderes das bleibt. Neben dem Eventraum steht Ihnen unter anderem der angrenzende Garten und auch der Vorplatz zur freien Verf\u00fcgung &#8211; sei es zum Ansto\u00dfen und\/oder Fotos machen.<\/p>\n<p>In Absprache k\u00f6nnen Stehtische, k\u00fchle Getr\u00e4nke und Snacks zur Verf\u00fcgung gestellt werden. Im Eventraum stehen ca. 20 Sitzpl\u00e4tze zur Verf\u00fcgung, die bei Bedarf noch erg\u00e4nzt werden k\u00f6nnen.<\/p>\n<p>[\/et_pb_text][\/et_pb_column][\/et_pb_row][et_pb_row column_structure=&#8220;1_2,1_2&#8243; _builder_version=&#8220;4.24.0&#8243; _module_preset=&#8220;default&#8220; global_colors_info=&#8220;{}&#8220;][et_pb_column type=&#8220;1_2&#8243; _builder_version=&#8220;4.24.0&#8243; _module_preset=&#8220;default&#8220; global_colors_info=&#8220;{}&#8220;][et_pb_image src=&#8220;https:\/\/trauung-westerkappeln.de\/wp-content\/uploads\/2023\/03\/BG1.jpg&#8220; _builder_version=&#8220;4.24.0&#8243; _module_preset=&#8220;default&#8220; hover_enabled=&#8220;0&#8243; global_colors_info=&#8220;{}&#8220; title_text=&#8220;BG1&#8243; sticky_enabled=&#8220;0&#8243;][\/et_pb_image][et_pb_text _builder_version=&#8220;4.24.0&#8243; _module_preset=&#8220;default&#8220; text_text_color=&#8220;#000000&#8243; text_font_size=&#8220;18px&#8220; global_colors_info=&#8220;{}&#8220;]<\/p>\n<p>Gemeinsam \u00fcberlegen und besprechen wir, wie Ihre W\u00fcnsche und Vorstellungen, entweder ganz ungezwungen oder auch festlich, realisiert werden k\u00f6nnen. Wir versuchen jeden Sonderwunsch zu erf\u00fcllen.<\/p>\n<p>Wir stehen bei alle Fragen zu den \u201eMomenten f\u00fcr die Ewigkeit\u201c gerne in einem pers\u00f6nlichen Gespr\u00e4ch zur Verf\u00fcgung.<\/p>\n<p>Wir freuen uns Sie kennen zu lernen.<\/p>\n<p>[\/et_pb_text][\/et_pb_column][et_pb_column type=&#8220;1_2&#8243; _builder_version=&#8220;4.24.0&#8243; _module_preset=&#8220;default&#8220; global_colors_info=&#8220;{}&#8220;][et_pb_image src=&#8220;https:\/\/trauung-westerkappeln.de\/wp-content\/uploads\/2023\/03\/bg4.jpg&#8220; _builder_version=&#8220;4.24.0&#8243; _module_preset=&#8220;default&#8220; hover_enabled=&#8220;0&#8243; global_colors_info=&#8220;{}&#8220; title_text=&#8220;bg4&#8243; sticky_enabled=&#8220;0&#8243;][\/et_pb_image][\/et_pb_column][\/et_pb_row][\/et_pb_section][et_pb_section fb_built=&#8220;1&#8243; _builder_version=&#8220;4.24.0&#8243; _module_preset=&#8220;default&#8220; use_background_color_gradient=&#8220;on&#8220; background_color_gradient_stops=&#8220;#d4b684 0%|#bb9c6a 100%&#8220; global_colors_info=&#8220;{}&#8220;][et_pb_row _builder_version=&#8220;4.24.0&#8243; _module_preset=&#8220;default&#8220; global_colors_info=&#8220;{}&#8220;][et_pb_column type=&#8220;4_4&#8243; _builder_version=&#8220;4.24.0&#8243; _module_preset=&#8220;default&#8220; global_colors_info=&#8220;{}&#8220;][et_pb_divider _builder_version=&#8220;4.24.0&#8243; _module_preset=&#8220;default&#8220; color=&#8220;#000000&#8243; hover_enabled=&#8220;0&#8243; sticky_enabled=&#8220;0&#8243;][\/et_pb_divider][\/et_pb_column][\/et_pb_row][et_pb_row _builder_version=&#8220;4.24.0&#8243; _module_preset=&#8220;default&#8220;][et_pb_column _builder_version=&#8220;4.24.0&#8243; _module_preset=&#8220;default&#8220; type=&#8220;4_4&#8243;][et_pb_text _builder_version=&#8220;4.24.0&#8243; _module_preset=&#8220;default&#8220; text_text_color=&#8220;#000000&#8243; text_font_size=&#8220;18px&#8220; hover_enabled=&#8220;0&#8243; sticky_enabled=&#8220;0&#8243;]<\/p>\n<p>Your content goes here. Edit or remove this text inline or in the module Content settings. You can also style every aspect of this content in the module Design settings and even apply custom CSS to this text in the module Advanced settings.<\/p>\n<p>[\/et_pb_text][et_pb_contact_form _builder_version=&#8220;4.24.0&#8243; _module_preset=&#8220;default&#8220; _unique_id=&#8220;46e3df0a-f6b0-4c82-981d-ec70c6664bb8&#8243; hover_enabled=&#8220;0&#8243; sticky_enabled=&#8220;0&#8243;][et_pb_contact_field field_id=&#8220;Name&#8220; field_title=&#8220;Name&#8220; _builder_version=&#8220;4.16&#8243; global_colors_info=&#8220;{}&#8220; button_text_size__hover_enabled=&#8220;off&#8220; button_one_text_size__hover_enabled=&#8220;off&#8220; button_two_text_size__hover_enabled=&#8220;off&#8220; button_text_color__hover_enabled=&#8220;off&#8220; button_one_text_color__hover_enabled=&#8220;off&#8220; button_two_text_color__hover_enabled=&#8220;off&#8220; button_border_width__hover_enabled=&#8220;off&#8220; button_one_border_width__hover_enabled=&#8220;off&#8220; button_two_border_width__hover_enabled=&#8220;off&#8220; button_border_color__hover_enabled=&#8220;off&#8220; button_one_border_color__hover_enabled=&#8220;off&#8220; button_two_border_color__hover_enabled=&#8220;off&#8220; button_border_radius__hover_enabled=&#8220;off&#8220; button_one_border_radius__hover_enabled=&#8220;off&#8220; button_two_border_radius__hover_enabled=&#8220;off&#8220; button_letter_spacing__hover_enabled=&#8220;off&#8220; button_one_letter_spacing__hover_enabled=&#8220;off&#8220; button_two_letter_spacing__hover_enabled=&#8220;off&#8220; button_bg_color__hover_enabled=&#8220;off&#8220; button_one_bg_color__hover_enabled=&#8220;off&#8220; button_two_bg_color__hover_enabled=&#8220;off&#8220;][\/et_pb_contact_field][et_pb_contact_field field_id=&#8220;Email&#8220; field_title=&#8220;E-Mail-Adresse&#8220; field_type=&#8220;email&#8220; _builder_version=&#8220;4.16&#8243; global_colors_info=&#8220;{}&#8220; button_text_size__hover_enabled=&#8220;off&#8220; button_one_text_size__hover_enabled=&#8220;off&#8220; button_two_text_size__hover_enabled=&#8220;off&#8220; button_text_color__hover_enabled=&#8220;off&#8220; button_one_text_color__hover_enabled=&#8220;off&#8220; button_two_text_color__hover_enabled=&#8220;off&#8220; button_border_width__hover_enabled=&#8220;off&#8220; button_one_border_width__hover_enabled=&#8220;off&#8220; button_two_border_width__hover_enabled=&#8220;off&#8220; button_border_color__hover_enabled=&#8220;off&#8220; button_one_border_color__hover_enabled=&#8220;off&#8220; button_two_border_color__hover_enabled=&#8220;off&#8220; button_border_radius__hover_enabled=&#8220;off&#8220; button_one_border_radius__hover_enabled=&#8220;off&#8220; button_two_border_radius__hover_enabled=&#8220;off&#8220; button_letter_spacing__hover_enabled=&#8220;off&#8220; button_one_letter_spacing__hover_enabled=&#8220;off&#8220; button_two_letter_spacing__hover_enabled=&#8220;off&#8220; button_bg_color__hover_enabled=&#8220;off&#8220; button_one_bg_color__hover_enabled=&#8220;off&#8220; button_two_bg_color__hover_enabled=&#8220;off&#8220;][\/et_pb_contact_field][et_pb_contact_field field_id=&#8220;Message&#8220; field_title=&#8220;Nachricht&#8220; field_type=&#8220;text&#8220; fullwidth_field=&#8220;on&#8220; _builder_version=&#8220;4.16&#8243; global_colors_info=&#8220;{}&#8220; button_text_size__hover_enabled=&#8220;off&#8220; button_one_text_size__hover_enabled=&#8220;off&#8220; button_two_text_size__hover_enabled=&#8220;off&#8220; button_text_color__hover_enabled=&#8220;off&#8220; button_one_text_color__hover_enabled=&#8220;off&#8220; button_two_text_color__hover_enabled=&#8220;off&#8220; button_border_width__hover_enabled=&#8220;off&#8220; button_one_border_width__hover_enabled=&#8220;off&#8220; button_two_border_width__hover_enabled=&#8220;off&#8220; button_border_color__hover_enabled=&#8220;off&#8220; button_one_border_color__hover_enabled=&#8220;off&#8220; button_two_border_color__hover_enabled=&#8220;off&#8220; button_border_radius__hover_enabled=&#8220;off&#8220; button_one_border_radius__hover_enabled=&#8220;off&#8220; button_two_border_radius__hover_enabled=&#8220;off&#8220; button_letter_spacing__hover_enabled=&#8220;off&#8220; button_one_letter_spacing__hover_enabled=&#8220;off&#8220; button_two_letter_spacing__hover_enabled=&#8220;off&#8220; button_bg_color__hover_enabled=&#8220;off&#8220; button_one_bg_color__hover_enabled=&#8220;off&#8220; button_two_bg_color__hover_enabled=&#8220;off&#8220;][\/et_pb_contact_field][\/et_pb_contact_form][\/et_pb_column][\/et_pb_row][\/et_pb_section]<\/p>\n","protected":false},"excerpt":{"rendered":"<p>Ihr Trauzimmer in WesterkappelnIhnen steht unser stilvoll eingerichteter Raum im Ortskern von Westerkappeln f\u00fcr \u201eMomente f\u00fcr die Ewigkeit\u201c zur Verf\u00fcgung. Wir freuen uns auf viele tolle \u201eMomente\u201c mit Ihnen und d\u00fcrfen Sie vielleicht schon bald bei uns herzlich willkommen hei\u00dfen. Das Ambiente macht aus Ihrer Feier etwas besonderes das bleibt. Neben dem Eventraum steht Ihnen [&hellip;]<\/p>\n","protected":false},"author":1,"featured_media":0,"parent":0,"menu_order":0,"comment_status":"closed","ping_status":"closed","template":"","meta":{"_et_pb_use_builder":"on","_et_pb_old_content":"","_et_gb_content_width":"","footnotes":""},"class_list":["post-79","page","type-page","status-publish","hentry"],"yoast_head":"<!-- This site is optimized with the Yoast SEO plugin v21.9.1 - https:\/\/yoast.com\/wordpress\/plugins\/seo\/ -->\n<title>Trauzimmer Westerkappeln - Wichmann - Trauungen in Westerkappeln<\/title>\n<meta name=\"robots\" content=\"index, follow, max-snippet:-1, max-image-preview:large, max-video-preview:-1\" \/>\n<link rel=\"canonical\" href=\"https:\/\/trauung-westerkappeln.de\/index.php\/trauzimmer-westerkappeln-wichmann\/\" \/>\n<meta property=\"og:locale\" content=\"de_DE\" \/>\n<meta property=\"og:type\" content=\"article\" \/>\n<meta property=\"og:title\" content=\"Trauzimmer Westerkappeln - Wichmann - Trauungen in Westerkappeln\" \/>\n<meta property=\"og:description\" content=\"Ihr Trauzimmer in WesterkappelnIhnen steht unser stilvoll eingerichteter Raum im Ortskern von Westerkappeln f\u00fcr \u201eMomente f\u00fcr die Ewigkeit\u201c zur Verf\u00fcgung. Wir freuen uns auf viele tolle \u201eMomente\u201c mit Ihnen und d\u00fcrfen Sie vielleicht schon bald bei uns herzlich willkommen hei\u00dfen. Das Ambiente macht aus Ihrer Feier etwas besonderes das bleibt. Neben dem Eventraum steht Ihnen [&hellip;]\" \/>\n<meta property=\"og:url\" content=\"https:\/\/trauung-westerkappeln.de\/index.php\/trauzimmer-westerkappeln-wichmann\/\" \/>\n<meta property=\"og:site_name\" content=\"Trauungen in Westerkappeln\" \/>\n<meta property=\"article:modified_time\" content=\"2024-01-31T13:11:46+00:00\" \/>\n<meta name=\"twitter:card\" content=\"summary_large_image\" \/>\n<meta name=\"twitter:label1\" content=\"Gesch\u00e4tzte Lesezeit\" \/>\n\t<meta name=\"twitter:data1\" content=\"3\u00a0Minuten\" \/>\n<script type=\"application\/ld+json\" class=\"yoast-schema-graph\">{\"@context\":\"https:\/\/schema.org\",\"@graph\":[{\"@type\":\"WebPage\",\"@id\":\"https:\/\/trauung-westerkappeln.de\/index.php\/trauzimmer-westerkappeln-wichmann\/\",\"url\":\"https:\/\/trauung-westerkappeln.de\/index.php\/trauzimmer-westerkappeln-wichmann\/\",\"name\":\"Trauzimmer Westerkappeln - Wichmann - Trauungen in Westerkappeln\",\"isPartOf\":{\"@id\":\"https:\/\/trauung-westerkappeln.de\/#website\"},\"datePublished\":\"2024-01-31T12:53:36+00:00\",\"dateModified\":\"2024-01-31T13:11:46+00:00\",\"breadcrumb\":{\"@id\":\"https:\/\/trauung-westerkappeln.de\/index.php\/trauzimmer-westerkappeln-wichmann\/#breadcrumb\"},\"inLanguage\":\"de\",\"potentialAction\":[{\"@type\":\"ReadAction\",\"target\":[\"https:\/\/trauung-westerkappeln.de\/index.php\/trauzimmer-westerkappeln-wichmann\/\"]}]},{\"@type\":\"BreadcrumbList\",\"@id\":\"https:\/\/trauung-westerkappeln.de\/index.php\/trauzimmer-westerkappeln-wichmann\/#breadcrumb\",\"itemListElement\":[{\"@type\":\"ListItem\",\"position\":1,\"name\":\"Startseite\",\"item\":\"https:\/\/trauung-westerkappeln.de\/\"},{\"@type\":\"ListItem\",\"position\":2,\"name\":\"Trauzimmer Westerkappeln &#8211; Wichmann\"}]},{\"@type\":\"WebSite\",\"@id\":\"https:\/\/trauung-westerkappeln.de\/#website\",\"url\":\"https:\/\/trauung-westerkappeln.de\/\",\"name\":\"Trauungen in Westerkappeln\",\"description\":\"\",\"potentialAction\":[{\"@type\":\"SearchAction\",\"target\":{\"@type\":\"EntryPoint\",\"urlTemplate\":\"https:\/\/trauung-westerkappeln.de\/?s={search_term_string}\"},\"query-input\":\"required name=search_term_string\"}],\"inLanguage\":\"de\"}]}<\/script>\n<!-- \/ Yoast SEO plugin. -->","yoast_head_json":{"title":"Trauzimmer Westerkappeln - Wichmann - Trauungen in Westerkappeln","robots":{"index":"index","follow":"follow","max-snippet":"max-snippet:-1","max-image-preview":"max-image-preview:large","max-video-preview":"max-video-preview:-1"},"canonical":"https:\/\/trauung-westerkappeln.de\/index.php\/trauzimmer-westerkappeln-wichmann\/","og_locale":"de_DE","og_type":"article","og_title":"Trauzimmer Westerkappeln - Wichmann - Trauungen in Westerkappeln","og_description":"Ihr Trauzimmer in WesterkappelnIhnen steht unser stilvoll eingerichteter Raum im Ortskern von Westerkappeln f\u00fcr \u201eMomente f\u00fcr die Ewigkeit\u201c zur Verf\u00fcgung. Wir freuen uns auf viele tolle \u201eMomente\u201c mit Ihnen und d\u00fcrfen Sie vielleicht schon bald bei uns herzlich willkommen hei\u00dfen. Das Ambiente macht aus Ihrer Feier etwas besonderes das bleibt. Neben dem Eventraum steht Ihnen [&hellip;]","og_url":"https:\/\/trauung-westerkappeln.de\/index.php\/trauzimmer-westerkappeln-wichmann\/","og_site_name":"Trauungen in Westerkappeln","article_modified_time":"2024-01-31T13:11:46+00:00","twitter_card":"summary_large_image","twitter_misc":{"Gesch\u00e4tzte Lesezeit":"3\u00a0Minuten"},"schema":{"@context":"https:\/\/schema.org","@graph":[{"@type":"WebPage","@id":"https:\/\/trauung-westerkappeln.de\/index.php\/trauzimmer-westerkappeln-wichmann\/","url":"https:\/\/trauung-westerkappeln.de\/index.php\/trauzimmer-westerkappeln-wichmann\/","name":"Trauzimmer Westerkappeln - Wichmann - Trauungen in Westerkappeln","isPartOf":{"@id":"https:\/\/trauung-westerkappeln.de\/#website"},"datePublished":"2024-01-31T12:53:36+00:00","dateModified":"2024-01-31T13:11:46+00:00","breadcrumb":{"@id":"https:\/\/trauung-westerkappeln.de\/index.php\/trauzimmer-westerkappeln-wichmann\/#breadcrumb"},"inLanguage":"de","potentialAction":[{"@type":"ReadAction","target":["https:\/\/trauung-westerkappeln.de\/index.php\/trauzimmer-westerkappeln-wichmann\/"]}]},{"@type":"BreadcrumbList","@id":"https:\/\/trauung-westerkappeln.de\/index.php\/trauzimmer-westerkappeln-wichmann\/#breadcrumb","itemListElement":[{"@type":"ListItem","position":1,"name":"Startseite","item":"https:\/\/trauung-westerkappeln.de\/"},{"@type":"ListItem","position":2,"name":"Trauzimmer Westerkappeln &#8211; Wichmann"}]},{"@type":"WebSite","@id":"https:\/\/trauung-westerkappeln.de\/#website","url":"https:\/\/trauung-westerkappeln.de\/","name":"Trauungen in Westerkappeln","description":"","potentialAction":[{"@type":"SearchAction","target":{"@type":"EntryPoint","urlTemplate":"https:\/\/trauung-westerkappeln.de\/?s={search_term_string}"},"query-input":"required name=search_term_string"}],"inLanguage":"de"}]}},"_links":{"self":[{"href":"https:\/\/trauung-westerkappeln.de\/index.php\/wp-json\/wp\/v2\/pages\/79","targetHints":{"allow":["GET"]}}],"collection":[{"href":"https:\/\/trauung-westerkappeln.de\/index.php\/wp-json\/wp\/v2\/pages"}],"about":[{"href":"https:\/\/trauung-westerkappeln.de\/index.php\/wp-json\/wp\/v2\/types\/page"}],"author":[{"embeddable":true,"href":"https:\/\/trauung-westerkappeln.de\/index.php\/wp-json\/wp\/v2\/users\/1"}],"replies":[{"embeddable":true,"href":"https:\/\/trauung-westerkappeln.de\/index.php\/wp-json\/wp\/v2\/comments?post=79"}],"version-history":[{"count":9,"href":"https:\/\/trauung-westerkappeln.de\/index.php\/wp-json\/wp\/v2\/pages\/79\/revisions"}],"predecessor-version":[{"id":96,"href":"https:\/\/trauung-westerkappeln.de\/index.php\/wp-json\/wp\/v2\/pages\/79\/revisions\/96"}],"wp:attachment":[{"href":"https:\/\/trauung-westerkappeln.de\/index.php\/wp-json\/wp\/v2\/media?parent=79"}],"curies":[{"name":"wp","href":"https:\/\/api.w.org\/{rel}","templated":true}]}}